{"id":10985,"date":"2023-05-03T08:28:41","date_gmt":"2023-05-03T08:28:41","guid":{"rendered":"https:\/\/dunekamp.siverino.ch\/?page_id=10985"},"modified":"2023-05-04T07:10:31","modified_gmt":"2023-05-04T07:10:31","slug":"fundraisingstrategie","status":"publish","type":"page","link":"https:\/\/dunekamp.siverino.ch\/?page_id=10985","title":{"rendered":"Fundraisingstrategie"},"content":{"rendered":"<figure>\n\t\t\t\t\t<img width=\"563\" height=\"526\" src=\"http:\/\/dunekamp.siverino.ch\/wp-content\/uploads\/2023\/05\/Bild1.png\" alt=\"\" decoding=\"async\" loading=\"lazy\" srcset=\"http:\/\/dunekamp.siverino.ch\/wp-content\/uploads\/2023\/05\/Bild1.png 563w, http:\/\/dunekamp.siverino.ch\/wp-content\/uploads\/2023\/05\/Bild1-300x280.png 300w\" sizes=\"auto, (max-width: 563px) 100vw, 563px\" \/>\t\t\t\t\t\t\t\t\t\t\t\t\t\t\t\t\t\t\t\t\t\t\t\t\t\t\t\t\t<\/figure>\n<h2  > Eine Fundraisingstrategie<br \/>\n<\/h2>\n<style>\/*! elementor - v3.12.2 - 23-04-2023 *\/\n.elementor-widget-image{text-align:center}.elementor-widget-image a{display:inline-block}.elementor-widget-image a img[src$=\".svg\"]{width:48px}.elementor-widget-image img{vertical-align:middle;display:inline-block}<\/style>\n<p>\t\t\t\t\t\t\t\t\t\t\t\t<img decoding=\"async\" width=\"60\" height=\"3\" src=\"http:\/\/dunekamp.siverino.ch\/wp-content\/uploads\/2023\/05\/shape-border.png\" alt=\"\" loading=\"lazy\" \/>\t\t\t\t\t\t\t\t\t\t\t\t\t\t\t<\/p>\n<p  > ist zwingend notwendig, um die Fundraisingeinnahmen und die finanzielle Planbarkeit einer NPO sicherzustellen. Wir unterst\u00fctzen Sie bei der Erstellung der Strategie, \u00fcbernehmen Teilaufgaben oder \u00fcberpr\u00fcfen Ihre bestehende Strategie.<\/p>\n<h2  > Philosophie<br \/>\n<\/h2>\n<p>\t\t\t\t\t\t\t\t\t\t\t\t\t\t\t<img decoding=\"async\" width=\"60\" height=\"3\" src=\"http:\/\/dunekamp.siverino.ch\/wp-content\/uploads\/2023\/05\/shape-border.png\" alt=\"\" loading=\"lazy\" \/>\t\t\t\t\t\t\t\t\t\t\t\t\t\t\t<\/p>\n<h4  > \u201eDie Leidenschaft zum Fundraising auf unseren Kunden zu \u00fcbertragen, sie zu bef\u00e4higen strategisch, kreativ, erfolgreich und selbstst\u00e4ndig ihr Fundraising umzusetzen&#187;<\/h4>\n<p>\t\t\t<a\n\t\t\t\thref=\"https:\/\/dunekamp.siverino.ch\/contact\/\"class=\"elementor-button btn btn-solid btn-icon-shaped btn-has-label\"\t\t\t><br \/>\n\t\t\t\t\t\tKontaktieren Sie Uns<br \/>\n\t\t\t\t\t\t\t\t\t\t\t<\/a><\/p>\n","protected":false},"excerpt":{"rendered":"<p>Eine Fundraisingstrategie ist zwingend notwendig, um die Fundraisingeinnahmen und die finanzielle Planbarkeit einer NPO sicherzustellen. Wir unterst\u00fctzen Sie bei der Erstellung der Strategie, \u00fcbernehmen Teilaufgaben oder \u00fcberpr\u00fcfen Ihre bestehende Strategie. Philosophie \u201eDie Leidenschaft zum Fundraising auf unseren Kunden zu \u00fcbertragen, sie zu bef\u00e4higen strategisch, kreativ, erfolgreich und selbstst\u00e4ndig ihr Fundraising umzusetzen&#187; Kontaktieren Sie Uns<\/p>\n","protected":false},"author":1,"featured_media":0,"parent":0,"menu_order":0,"comment_status":"closed","ping_status":"closed","template":"","meta":{"footnotes":""},"class_list":["post-10985","page","type-page","status-publish","hentry"],"_links":{"self":[{"href":"https:\/\/dunekamp.siverino.ch\/index.php?rest_route=\/wp\/v2\/pages\/10985","targetHints":{"allow":["GET"]}}],"collection":[{"href":"https:\/\/dunekamp.siverino.ch\/index.php?rest_route=\/wp\/v2\/pages"}],"about":[{"href":"https:\/\/dunekamp.siverino.ch\/index.php?rest_route=\/wp\/v2\/types\/page"}],"author":[{"embeddable":true,"href":"https:\/\/dunekamp.siverino.ch\/index.php?rest_route=\/wp\/v2\/users\/1"}],"replies":[{"embeddable":true,"href":"https:\/\/dunekamp.siverino.ch\/index.php?rest_route=%2Fwp%2Fv2%2Fcomments&post=10985"}],"version-history":[{"count":25,"href":"https:\/\/dunekamp.siverino.ch\/index.php?rest_route=\/wp\/v2\/pages\/10985\/revisions"}],"predecessor-version":[{"id":11436,"href":"https:\/\/dunekamp.siverino.ch\/index.php?rest_route=\/wp\/v2\/pages\/10985\/revisions\/11436"}],"wp:attachment":[{"href":"https:\/\/dunekamp.siverino.ch\/index.php?rest_route=%2Fwp%2Fv2%2Fmedia&parent=10985"}],"curies":[{"name":"wp","href":"https:\/\/api.w.org\/{rel}","templated":true}]}}