{"id":11041,"date":"2023-05-03T09:25:52","date_gmt":"2023-05-03T09:25:52","guid":{"rendered":"https:\/\/dunekamp.siverino.ch\/?page_id=11041"},"modified":"2023-05-04T07:04:03","modified_gmt":"2023-05-04T07:04:03","slug":"public-fundraising","status":"publish","type":"page","link":"https:\/\/dunekamp.siverino.ch\/?page_id=11041","title":{"rendered":"Public Fundraising"},"content":{"rendered":"<h2  > Public Fundraising<\/h2>\n<style>\/*! elementor - v3.12.2 - 23-04-2023 *\/\n.elementor-widget-image{text-align:center}.elementor-widget-image a{display:inline-block}.elementor-widget-image a img[src$=\".svg\"]{width:48px}.elementor-widget-image img{vertical-align:middle;display:inline-block}<\/style>\n<p>\t\t\t\t\t\t\t\t\t\t\t\t<img decoding=\"async\" width=\"60\" height=\"3\" src=\"http:\/\/dunekamp.siverino.ch\/wp-content\/uploads\/2023\/05\/shape-border.png\" alt=\"\" loading=\"lazy\" \/>\t\t\t\t\t\t\t\t\t\t\t\t\t\t\t<\/p>\n<p  > Das Public Fundraising geh\u00f6rt nach wie vor zu den wichtigsten Fundraisinginstrumenten und bildet bei den meisten Organisationen eine konstante Spendenbasis.<\/p>\n<p  > Bei der Einf\u00fchrung, Umsetzung, Optimierung und \u00dcberpr\u00fcfung der Massnahmen, unterst\u00fctzen wir im<\/p>\n<p>Direct Marketing<\/p>\n<p>Spenderbindung<\/p>\n<p>Dauerspenderprogramm<\/p>\n<p>Anlasspendenprogramm<\/p>\n<p>Upgradestrategie<\/p>\n<p>Verdankungs- und Reklamationswesen<\/p>\n<h2  > Philosophie<br \/>\n<\/h2>\n<p>\t\t\t\t\t\t\t\t\t\t\t\t\t\t\t<img decoding=\"async\" width=\"60\" height=\"3\" src=\"http:\/\/dunekamp.siverino.ch\/wp-content\/uploads\/2023\/05\/shape-border.png\" alt=\"\" loading=\"lazy\" \/>\t\t\t\t\t\t\t\t\t\t\t\t\t\t\t<\/p>\n<h4  > \u201eDie Leidenschaft zum Fundraising auf unseren Kunden zu \u00fcbertragen, sie zu bef\u00e4higen strategisch, kreativ, erfolgreich und selbstst\u00e4ndig ihr Fundraising umzusetzen&#187;<\/h4>\n<p>\t\t\t<a\n\t\t\t\thref=\"https:\/\/dunekamp.siverino.ch\/contact\/\"class=\"elementor-button btn btn-solid btn-icon-shaped btn-has-label\"\t\t\t><br \/>\n\t\t\t\t\t\tKontaktieren Sie Uns<br \/>\n\t\t\t\t\t\t\t\t\t\t\t<\/a><\/p>\n","protected":false},"excerpt":{"rendered":"<p>Public Fundraising Das Public Fundraising geh\u00f6rt nach wie vor zu den wichtigsten Fundraisinginstrumenten und bildet bei den meisten Organisationen eine konstante Spendenbasis. Bei der Einf\u00fchrung, Umsetzung, Optimierung und \u00dcberpr\u00fcfung der Massnahmen, unterst\u00fctzen wir im Direct Marketing Spenderbindung Dauerspenderprogramm Anlasspendenprogramm Upgradestrategie Verdankungs- und Reklamationswesen Philosophie \u201eDie Leidenschaft zum Fundraising auf unseren Kunden zu \u00fcbertragen, sie zu [&hellip;]<\/p>\n","protected":false},"author":1,"featured_media":0,"parent":0,"menu_order":0,"comment_status":"closed","ping_status":"closed","template":"","meta":{"footnotes":""},"class_list":["post-11041","page","type-page","status-publish","hentry"],"_links":{"self":[{"href":"https:\/\/dunekamp.siverino.ch\/index.php?rest_route=\/wp\/v2\/pages\/11041","targetHints":{"allow":["GET"]}}],"collection":[{"href":"https:\/\/dunekamp.siverino.ch\/index.php?rest_route=\/wp\/v2\/pages"}],"about":[{"href":"https:\/\/dunekamp.siverino.ch\/index.php?rest_route=\/wp\/v2\/types\/page"}],"author":[{"embeddable":true,"href":"https:\/\/dunekamp.siverino.ch\/index.php?rest_route=\/wp\/v2\/users\/1"}],"replies":[{"embeddable":true,"href":"https:\/\/dunekamp.siverino.ch\/index.php?rest_route=%2Fwp%2Fv2%2Fcomments&post=11041"}],"version-history":[{"count":13,"href":"https:\/\/dunekamp.siverino.ch\/index.php?rest_route=\/wp\/v2\/pages\/11041\/revisions"}],"predecessor-version":[{"id":11406,"href":"https:\/\/dunekamp.siverino.ch\/index.php?rest_route=\/wp\/v2\/pages\/11041\/revisions\/11406"}],"wp:attachment":[{"href":"https:\/\/dunekamp.siverino.ch\/index.php?rest_route=%2Fwp%2Fv2%2Fmedia&parent=11041"}],"curies":[{"name":"wp","href":"https:\/\/api.w.org\/{rel}","templated":true}]}}